2*c - 7. Give n(-7).
0
Let s(d) = -d**3 + 6*d**2 - 3*d + 1. Determine s(5).
11
Let y(m) = -2*m + 33. What is y(14)?
5
Let x(v) = v**3 + 20*v**2 + v + 12. Calculate x(-20).
-8
Let p(g) = 58*g**2 - g. Calculate p(1).
57
Let x(u) = -12*u**2 + 5*u + 1. Calculate x(-1).
-16
Let j(v) = 5*v - 28. Calculate j(8).
12
Let y(z) = -z + 8. Give y(7).
1
Let h(r) = r**3 + 5*r + 3. Give h(-3).
-39
Let i(v) = -v**3 - 5*v**2 - v - 16. Determine i(-6).
26
Let l(p) = p**3 - 6*p**2 - 4*p - 18. Give l(7).
3
Let r(a) = -7*a + 20. Determine r(4).
-8
Let o(n) = n**3 - 14*n**2 + 13*n + 1. Determine o(13).
1
Let l(g) = -g**2 + 7. Give l(-4).
-9
Let y(q) = q**2 - 13*q - 16. Give y(13).
-16
Let k(s) = 3*s + 56. Give k(-20).
-4
Let r(q) = -q**2 + 21*q - 43. Calculate r(15).
47
Let i(u) = u**3 - 5*u**2 + 3*u - 2. What is i(6)?
52
Let l(j) = 23*j**2 + j. Determine l(1).
24
Let c(h) = -28*h - 48. Calculate c(-5).
92
Let o(v) = -17*v**3 + v**2 - 2*v + 1. Calculate o(1).
-17
Let u(n) = -n**2 - 16*n - 6. Calculate u(-16).
-6
Let r(y) = -4*y + 33. Give r(7).
5
Let x(s) = -s**2 + s + 12. Give x(-3).
0
Let s(i) = 2*i**3 - 10*i**2 - 5*i + 6. Calculate s(6).
48
Let r(n) = -6*n**3 - 42*n**2 - 2*n - 21. What is r(-7)?
-7
Let s(r) = 4*r**3 + 4*r**2 - r + 2. Determine s(-2).
-12
Let f(n) = -n**2 - 8*n + 13. Calculate f(-11).
-20
Let k(s) = 3*s**2 - 191*s - 252. What is k(65)?
8
Let d(b) = -8*b. What is d(1)?
-8
Let s(p) = p - 51. What is s(0)?
-51
Let j(v) = v**3 + v**2 - 12*v - 5. Give j(-5).
-45
Let u(p) = -16*p + 81. Calculate u(6).
-15
Let f(q) = -q**2 + 9*q - 17. Determine f(8).
-9
Let o(p) = -4*p**2 + 4*p + 6. Calculate o(5).
-74
Let g(x) = -x**3 + 8*x**2 + 22*x + 4. What is g(10)?
24
Let k(t) = -t**2 - 3*t + 8. Give k(0).
8
Let c(i) = -11*i. Give c(1).
-11
Let q(o) = -o**3 - 2*o**2 - 2*o - 1. What is q(0)?
-1
Let p(z) = -18*z**2 - 4*z - 5. Give p(-1).
-19
Let a(l) = -2*l**2 + 34*l - 29. Give a(16).
3
Let j(a) = -a**3 + 7*a**2 + 15*a + 5. Give j(9).
-22
Let z(l) = 5*l**2 - 206*l + 30. Determine z(41).
-11
Let j(m) = 33*m**2 - 4*m - 5. Calculate j(-2).
135
Let t(x) = x**2 - 2*x - 5. Determine t(-6).
43
Let d(h) = -h**2 - 8*h + 3. What is d(-7)?
10
Let u(f) = 6*f**2 - 6*f + 2. What is u(-1)?
14
Let v(b) = 11*b**3 + b**2 - 2. Determine v(1).
10
Let a(m) = m**2 + 46*m - 837. Calculate a(14).
3
Let m(b) = 62*b - 428. Determine m(7).
6
Let o(j) = -80*j - 319. Calculate o(-4).
1
Let b(f) = -f**2 - 21*f + 18. Give b(-22).
-4
Let y(c) = 5*c + 10. Calculate y(-7).
-25
Let r(h) = -h + 60. Determine r(14).
46
Let v(h) = 4*h - 3. Determine v(-5).
-23
Let x(v) = -v**3 - 4*v**2 - 3*v - 2. Determine x(-5).
38
Let z(i) = 24*i - 98. Calculate z(4).
-2
Let z(j) = 2*j**3 + 6*j**2 + 2*j + 14. Determine z(-4).
-26
Let r(q) = -4*q**3 - 4*q**2 + q + 5. Calculate r(2).
-41
Let z(f) = f**3 + f**2 + 5*f - 5. What is z(2)?
17
Let h(q) = 26*q**2. What is h(1)?
26
Let k(a) = -a + 11. Determine k(6).
5
Let c(z) = 13*z - 7. Determine c(5).
58
Let f(d) = d**3 + 3*d**2 - 13*d - 3. Determine f(-5).
12
Let n(b) = -2*b**3 + b**2 - 2*b + 3. Give n(3).
-48
Let h(o) = -4*o**2 + 2*o + 1. Give h(-2).
-19
Let k(u) = -4*u**2 + 254*u - 124. Give k(63).
2
Let l(d) = d**2 - 4*d + 2. Calculate l(1).
-1
Let s(f) = -25*f + 15. Calculate s(-5).
140
Let d(b) = 38*b + 40. Give d(-1).
2
Let h(n) = -5*n + 137. Give h(28).
-3
Let b(u) = -7*u - 22. What is b(-5)?
13
Let x(v) = -v**3 + 6*v**2 + 3*v - 24. Determine x(5).
16
Let b(k) = -8*k + 1. What is b(0)?
1
Let u(s) = s**3 - 12*s**2 - 14*s + 15. Calculate u(13).
2
Let x(v) = 99*v + 6. Calculate x(1).
105
Let l(t) = -7*t - 2. Calculate l(3).
-23
Let n(w) = 7*w**2 + 6*w - 9. Calculate n(-4).
79
Let v(s) = s**2 - 13*s - 36. Calculate v(15).
-6
Let c(k) = 8*k - 62. Determine c(7).
-6
Let w(t) = t**3 + 9*t**2 - 9*t - 10. Calculate w(-9).
71
Let o(h) = -2*h**2 + 7*h + 6. Calculate o(5).
-9
Let u(a) = 4*a**2 + 17. What is u(3)?
53
Let g(k) = 9*k**2 - 1. Give g(1).
8
Let m(o) = -18*o + 9. Calculate m(1).
-9
Let q(r) = 4*r**2 - 6*r + 19. What is q(5)?
89
Let i(t) = t + 8. Calculate i(7).
15
Let r(y) = -22*y - 454. Give r(-21).
8
Let w(f) = f**2 + 2*f - 12. What is w(9)?
87
Let t(h) = -2*h**2 - 20*h + 21. Determine t(-13).
-57
Let f(k) = 38*k + 106. What is f(-3)?
-8
Let p(j) = -j**3 - 10*j**2 + 20*j - 34. What is p(-12)?
14
Let q(p) = -3*p**2 - 65*p - 43. Calculate q(-21).
-1
Let t(p) = p**3 - 15*p**2 - 18*p + 33. Calculate t(16).
1
Let j(k) = 5*k + 20. Give j(6).
50
Let i(g) = 2*g - 1. Determine i(5).
9
Let r(d) = 13*d**2 + 1. Calculate r(1).
14
Let p(l) = 7*l**3 - 3*l + 3. Determine p(2).
53
Let g(u) = 9*u + 48. Determine g(-5).
3
Let f(g) = g**3 + 5*g**2 + 4*g + 13. Determine f(-5).
-7
Let u(k) = -39*k + 63. Give u(2).
-15
Let y(m) = 17*m. Determine y(-1).
-17
Let y(b) = 2*b**2 - 15*b + 12. Give y(11).
89
Let l(b) = 84*b - 766. Determine l(9).
-10
Let f(n) = -n**2 + 7*n + 8. Calculate f(6).
14
Let c(u) = -6*u + 31. What is c(6)?
-5
Let v(c) = -c**3 - 5*c**2 + 6*c - 3. Give v(-5).
-33
Let v(d) = d**2 - 30*d + 124. Determine v(25).
-1
Let f(q) = -13*q - 3. Calculate f(1).
-16
Let i(d) = 5*d - 237. Give i(46).
-7
Let m(z) = 18*z + 700. What is m(-39)?
-2
Let v(c) = -26*c + 2. Give v(1).
-24
Let d(c) = 14*c - 37. Give d(3).
5
Let y(g) = -61*g + 39. Determine y(2).
-83
Let g(d) = d**3 + 9*d**2 + 3*d + 6. Calculate g(-9).
-21
Let j(o) = 13*o**3 + o**2 - o - 1. Give j(-1).
-12
Let s(b) = -2*b + 10. Give s(-6).
22
Let f(h) = -h**2 + 8*h - 9. What is f(5)?
6
Let p(b) = -4*b**2 + 1. Calculate p(1).
-3
Let d(p) = p**2 - 12. Calculate d(-3).
-3
Let f(t) = -21*t - 12. What is f(-2)?
30
Let p(s) = s**3 - 17*s**2 - 40*s + 25. What is p(19)?
-13
Let h(r) = r + 39. What is h(0)?
39
Let r(z) = -z**3 - 18*z**2 - 14*z + 9. Determine r(-17).
-42
Let r(b) = 6*b**3 - b**2 - 3*b - 2. Give r(-1).
-6
Let f(q) = -q**3 - 22*q**2 - 27*q - 127. Calculate f(-21).
-1
Let k(p) = -p + 2. What is k(-4)?
6
Let h(j) = -7*j**2 - 2*j + 1. Give h(-2).
-23
Let i(r) = 6*r - 2. Calculate i(-4).
-26
Let s(a) = -a**3 - 11*a**2 - 5*a - 3. Determine s(-11).
52
Let x(v) = -7*v + 52. Determine x(8).
-4
Let i(x) = -7*x + 223. Determine i(32).
-1
Let h(v) = -109*v**2 + 3*v - 2. Give h(1).
-108
Let d(f) = f**2 - 11*f - 9. Give d(12).
3
Let b(t) = t**2 + 44*t + 38. Calculate b(-43).
-5
Let m(s) = -s**3 - 7*s**2 + 12*s - 7. What is m(-9)?
47
Let x(a) = 39*a**2 + 4*a - 8. Give x(2).
156
Let k(w) = w**3 - 13*w**2 + 2*w - 15. Calculate k(13).
11
Let k(r) = r**3 + 6*r**2 + 6*r + 11. Calculate k(-5).
6
Let a(b) = -b**2 - 12*b - 21. Calculate a(-11).
-10
Let d(u) = u**2 + 26*u + 5. Calculate d(-26).
5
Let j(y) = 15*y. Determine j(2).
30
Let t(j) = j**2 - 27*j + 17. Give t(25).
-33
Let t(m) = -2*m**2 + 7*m + 139. Calculate t(10).
9
Let d(q) = -q**3 - 7*q**2 + 7*q + 4. Calculate d(-8).
12
Let p(q) = -37*q + 40. Calculate p(1).
3
Let n(v) = 6*v + 31. Calculate n(-14).
-53
Let s(o) = -2*o - 11. What is s(-11)?
11
Let o(l) = -11*l - 104. Calculate o(-9).
-5
Let q(a) = a**3 + 4*a**2 - 10*a + 6. Give q(-5).
31
Let n(b) = 16*b - 6. Calculate n(-3).
-54
Let o(d) = -d**3 + 6*d + 2. Give o(3).
-7
Let o(m) = -m**3 - 22*m**2 + m + 6. Calculate o(-22).
-16
Let f(p) = 2*p**2 - 11. What is f(-3)?
7
Let u(s) = s**3 + 6*s**2 - 3*s + 29. Calculate u(-7).
1
Let f(o) = -o**2 + 3*o - 8. Determine f(4).
-12
Let x(w) = 9*w - 3. What is x(5)?
42
Let a(r) = r**2 - 6*r + 7. What is a(4)?
-1
Let l(v) = v**3 + 19*v**2 + 20*v + 21. What is l(-18)?
-15
Let i(b) = 2*b + 32. Determine i(-14).
4
Let c(i) = i**3 - 8*i**2 + 14*i - 12. What is c(6)?
0
Let j(z) = z**2 - 9*z + 1. Determine j(6).
-17
Let n(z) = -z**3 - 7*z**2 + 6*z + 8. What is n(-7)?
-34
Let u(n) = n**2 + 57*n + 687. Calculate u(-17).
7
Let s(a) = a**3 - 3*a**2 - 7*a - 12. Calculate s(5).
3
Let g(n) = n**3 + 5*n**2 - 2*n - 2. Give g(-4).
22
Let d(j) = -3*j - 15. Calculate d(-12).
21
Let m(h) = 6*h + 25. Give m(-6).
-11
Let s(o) = o**3 + 7*o**2 - 10*o + 7. What is s(-8)?
23
Let u(o) = -o**2 + 14*o. Calculate u(11).
33
Let t(g) = -g**3 - 10*g**2 - 20*g + 9. Calculate t(-6).
-15
Let w(p) = -p**2 - 12*p - 7. Calculate w(-8).
25
Let j(f) = f**2 + 12*f - 59. Give j(-14).
-31
Let r(n) = 6*n + 23. What is r(-6)?
-13
Let i(d) = -5*d**2. What is i(-1)?
-5
Let v(g) = g**2 + 14*g - 13. Determine v(-14).
-13
Let i(q) = 3*q**3 + 36